60 = -15*w - 22595. Is w composite?
False
Let t(c) = 2*c - 24. Let w be t(17). Let f be 45/w*8/6. Suppose 5*u = -b + 420, 4*u - f*b = -3*b + 355. Is u prime?
False
Suppose 84 = -0*i + 5*i - n, -n = -4*i + 68. Let y = -9 - -28. Let t = y + i. Is t composite?
True
Let h be (-164 - 1) + 20/((-110)/11). Suppose -5*i = 1588 + 712. Let g = h - i. Is g a prime number?
True
Let j = 11 - 7. Let f be -6 + (-22899)/(-9) - (-7)/(-21). Suppose 0*o - 2*u + 1266 = 2*o, -j*o + f = u. Is o prime?
False
Suppose -3 = 2*z + 3. Let y(b) = -b**3 - 19*b**2 - 11*b - 11. Let j be y(-8). Is (2 - 1)/(z/j) a composite number?
True
Let k = 39065 - 7516. Is k a prime number?
False
Suppose 4*f - 2 = 2*s, -2*f = 5*s + 24 - 7. Is 1516/2 - s - (-1 + 1) prime?
True
Let f(z) = z**3 - z**2 - z + 181. Let g be f(0). Suppose 543 = 3*r - 2*u, 0 = r - 2*r + u + g. Is r a prime number?
True
Is (-147)/14 - -10 - 259/(-2) prime?
False
Let h = 883 + 588. Is h a prime number?
True
Let j(z) = -z**3 + 13*z**2 - 2*z + 11. Let k be j(13). Is 908 - (-4 + k/(-3)) composite?
False
Suppose 0*s + 3*s = -12. Let o be s/(-10) - (-2756)/10. Let a = 41 + o. Is a composite?
False
Let n(r) = 2*r**2 + 9*r - 3. Let b be n(-5). Suppose -g + 2*z = -b*g + 137, -4*g + 584 = -4*z. Is g a composite number?
True
Let b be (-2)/3 + (-7)/((-84)/32). Suppose 3*f - 851 = b*f. Is f composite?
True
Suppose 5*w - 29268 + 1333 = 0. Is w composite?
True
Let r(v) = -8*v**2 - 2*v + 4103. Is r(0) prime?
False
Let g(w) = 4*w**3 - 3*w**2 - 7*w + 7. Suppose -4*j + 28 = 3*j. Is g(j) prime?
False
Let s = -52 - -54. Suppose 0 = 2*u + 4*f - 9814, -5*u + 16624 + 7911 = s*f. Is u a prime number?
False
Let s = -312 - -326. Suppose -3*q + 492 = q. Let o = q - s. Is o composite?
False
Let t(j) = 178*j**2 - 20*j + 123. Is t(9) a prime number?
False
Suppose 4*t + 3*d - 6769 = -0*d, -5*d = 5. Is t prime?
True
Suppose 3*r + 12 = 0, j - 4*r + 0*r - 12213 = 0. Is j prime?
True
Let b(p) = -p**2 + 18*p - 10. Let v(s) = 14*s**2 + 2*s + 1. Let n = -14 - -13. Let z be v(n). Is b(z) prime?
False
Let m = -32764 - -52286. Suppose 7*f - m = -1539. Is f a prime number?
False
Let r = -140 + 448. Let y = 615 - r. Is y a composite number?
False
Let g(t) = 46*t - 69. Is g(25) prime?
False
Suppose 4*y + 4*h - 9721 = y, -5*h = -5*y + 16190. Is y a composite number?
True
Let u = -20874 + 39575. Is u a composite number?
False
Is 28/4 + 1496 - (0 - -2) prime?
False
Is ((-3)/6)/((-3)/2)*13173 composite?
False
Let u(o) = o + 3. Let c be u(-3). Suppose c = 3*w - 5*p - 1097, -w + 2*p - 351 = -2*w. Is w a prime number?
True
Let x = 7 + -4. Suppose 0 = -3*z + 2*v + 141, 0 = z - 0*v - x*v - 54. Suppose 4*j + 80 = 5*j + 3*s, j = 4*s + z. Is j a composite number?
True
Is 5551/8 - (-58)/464 a composite number?
True
Suppose r = a + 8, -2*a - a - 6 = 3*r. Suppose -4*b - 3*n = -5899, 262 = -2*b + r*n + 3225. Is b a prime number?
False
Let s = -3637 - -1455. Let y = s + 3075. Is y a composite number?
True
Suppose a - 10 + 19 = 0. Is (2/10)/(a/(-37305)) a composite number?
False
Suppose -2*k + 2 = -0. Suppose 368 = b - 3*h, k = 2*h - 3. Let z = b - 247. Is z prime?
True
Let y(o) = o**2 + 27*o + 125. Is y(36) composite?
False
Let l(z) = z**3 + 9*z**2 + 14*z + 3. Let n be l(-8). Is (-2)/(-5)*n/36*-2428 a composite number?
True
Is 79527/49*19/3 composite?
True
Let u = -573 - -968. Is u a prime number?
False
Let p be (-1306)/(-6)*(-9 + 12). Let w = p + -444. Is w composite?
True
Let p be 0/(2 + 0) + 3293. Suppose 0 = 2*w - 3113 - p. Is w a composite number?
False
Let v(k) = -72*k**2 + 8*k + 17. Let u(f) = 143*f**2 - 17*f - 35. Let j(g) = -6*u(g) - 13*v(g). Is j(-5) a composite number?
False
Let f = -12 + 12. Suppose -4*s + 0*s - 16 = f. Is (-14 + 18)/(s/(-314)) a composite number?
True
Suppose -22801 - 38369 = -6*y. Is y prime?
False
Let v = -39610 + 66149. Is v prime?
True
Let c(i) = 2192*i - 46. Let x be c(7). Suppose 5*o + x = 2*z, 3*z - 20903 - 2006 = -2*o. Is z composite?
False
Let q = 12 + -20. Is (812/q)/(3/(-6)) composite?
True
Let o(n) = -n**3 - 4*n**2 - 2. Let m be o(-4). Let r be (m/(-4))/(1/6). Suppose 5*l + 702 = 4*k + 3*l, l - r = 0. Is k prime?
False
Let j(b) = 34694*b**2 + 10*b + 7. Is j(-2) prime?
True
Is (-9)/24*5594/(-3)*4 composite?
False
Let c(m) = m**3 + 9*m**2 + 83*m + 10*m**2 - 78*m + 1. Is c(-10) a composite number?
True
Is (2/(-6))/(-1) + 74912/12 a composite number?
True
Let j = -30 - -30. Suppose j = -2*h + 2997 + 521. Is h a prime number?
True
Let m(d) be the third derivative of d**5/60 - 7*d**4/24 + d**3/6 - 4*d**2. Let o be m(7). Is o*(-2 - -134 - -1) composite?
True
Suppose 250 = -3*t - 5*x, t + 3*x + 9 = -81. Let d = -141 + 350. Let r = t + d. Is r a composite number?
True
Let x = -310 + 755. Is x a prime number?
False
Let w(i) = -8*i**2 - i**2 + i + 3 + 21*i**2 - i**3 - 10. Is w(8) prime?
True
Suppose -3*q - 5*u + 26 = -4*q, -u = 3*q + 30. Let m(n) = -181*n - 1. Let c be m(-1). Let v = c - q. Is v composite?
False
Let i be (42/(-9))/(2/(-447)). Suppose 0 = j - x - i, 4*j - x + 501 = 4673. Is j a composite number?
True
Let w(p) be the first derivative of -p**3/3 + 9*p**2 + 17*p - 9. Let h be w(13). Is (-2 - (-36)/8)*h a composite number?
True
Let v(w) = w**3 + 8*w**2 - 5*w + 2. Let f be v(-8). Let l = -30 + f. Suppose h - 249 = -l. Is h a prime number?
False
Suppose -5*i + 3 + 2 = 0. Let m(t) = 886*t + 1. Let x be m(i). Suppose 2*l + x = 3*l. Is l composite?
False
Let k = 88 - -393. Is k prime?
False
Let t(w) = -2*w**2 + 4*w - 3. Let s be t(2). Let k(f) = f**2 + 13*f + 6. Let i be k(-13). Is s - (i/(-2) + -31) a prime number?
True
Let p(o) = 345*o**2 + 7*o + 9. Is p(7) a prime number?
True
Is (4171/(-3))/(3 + (-50)/15) a composite number?
True
Let u = 8 - -73. Let p = u + -22. Is p prime?
True
Let a be -3*593 + 1 - (9 - 13). Let f = -977 - a. Is f composite?
False
Let y(n) = -20*n**2 + 3*n - 9. Let p(f) = f**2 - f - 1. Let o(w) = 2*p(w) - y(w). Is o(4) prime?
False
Let o(l) = -l**2 - l. Let u(t) = 366*t**3 - 5*t**2 - 5*t - 1. Let z(x) = -5*o(x) + u(x). Is z(1) prime?
False
Let r(g) = 11078*g + 119. Is r(1) composite?
False
Let a = 24 + -26. Is 1116 - (4 + a + -2 + -1) a prime number?
True
Let u = -126 + 139. Let t be (-2)/(-4) + 121/2. Suppose -m + t = -u. Is m a composite number?
True
Suppose 3*m + 8 = -3*y - 76, 5*y - 4*m + 95 = 0. Let v = y + 42. Is v a composite number?
False
Is 3*1618/(-12)*-2 prime?
True
Is 3/5*1491385/21 prime?
True
Let m(k) = 217*k**3 - 3*k**2 + k + 36. Is m(5) a prime number?
True
Let m = -9741 - -15784. Is m prime?
True
Let w be ((-124)/(-40) - (-4)/10)*260. Suppose -6*h = -446 - w. Is h a composite number?
True
Is (812/348)/((-2)/(-4782)) a composite number?
True
Let o(v) = v**3 - 23*v**2 + 36*v - 49. Is o(22) prime?
False
Let w(j) = -j**2 + 6*j - 8. Let z be w(4). Is 51 + (-4 - (z - 4)) prime?
False
Let t = -13 - -38. Suppose 66 = o + t. Let g = -19 + o. Is g prime?
False
Suppose -4*f - 2*p + 4 = 14, -f - 2*p - 10 = 0. Suppose w - 419 = -f*w. Is w a prime number?
True
Suppose -8*w = -13 - 3. Is -3*(-1 - w/(-6)) - -1241 a prime number?
False
Suppose f = -4*t + 28 + 7, -4*f = -12. Suppose t*g - 4*g - 1628 = 0. Is g a composite number?
True
Let n(c) = 4*c - 12. Let q be n(4). Suppose 0 = q*x - 8, 2*g + 1199 = 3*g - 4*x. Is g prime?
False
Let p(z) be the second derivative of z**5/20 + z**4/3 - 11*z**3/2 + 27*z**2/2 - z + 3. Is p(14) a prime number?
False
Suppose -2*g + 7 = 1. Suppose g*i - 234 = 2*i - 4*p, 0 = 4*i + 4*p - 888. Is i a prime number?
False
Suppose 3*p - 5*p = -82. Suppose -8*m + 4*m = -5*c + 937, c = 5. Let d = p - m. Is d a composite number?
False
Let c(a) = 11*a**2 + 5*a + 3. Let q be c(-1). Is 3/(q*(-2)/(-11586)) prime?
True
Suppose 0*m - 37 = 3*m + 4*a, 3*m = -a - 34. Let n(c) = 29*c**2 + 26*c - 2. Is n(m) prime?
True
Suppose 0 = -213*v + 218*v - 8255. Is v a composite number?
True
Suppose -8 = 4*n, 2*n = 4*m + 3*n - 16986. Is m prime?
False
Suppose -4*k - k = -51575. Is k prime?
False
Let x(c) = -c**2 - 5*c + 11. Let v be x(-6). Is ((-4)/(-6))/((20/4074)/v) a prime number?
False
Let o(x) = -2*x**3 - 33*x**2 + 45*x - 5. Is o(-24) a prime number?
False
Let g = 3876 - 2399. Is g composite?
True
Let p(f) = f**2 - 2*f + 89. Suppose -19*v = -16*v. Is p(v) prime?
True
Let r(s) = 2*s**3 - 4*s + 1. Let u = 3